{"id":11,"date":"2020-11-30T15:00:22","date_gmt":"2020-11-30T14:00:22","guid":{"rendered":"http:\/\/amandinepuntous.com\/?page_id=11"},"modified":"2024-01-30T18:00:05","modified_gmt":"2024-01-30T17:00:05","slug":"a-propos","status":"publish","type":"page","link":"https:\/\/amandinepuntous.com\/index.php\/a-propos\/","title":{"rendered":"\u00c0 propos"},"content":{"rendered":"\n<h2 class=\"wp-block-heading has-black-color has-text-color\"><br>\u00c0 propos<\/h2>\n\n\n\n<hr class=\"wp-block-separator has-text-color has-css-opacity has-background is-style-wide\" style=\"background-color:#f2f2f2;color:#f2f2f2\"\/>\n\n\n\n<div class=\"wp-block-columns is-layout-flex wp-container-core-columns-layout-1 wp-block-columns-is-layout-flex\">\n<div class=\"wp-block-column is-layout-flow wp-block-column-is-layout-flow\" style=\"flex-basis:200px\">\n<figure class=\"wp-block-image size-full\"><img loading=\"lazy\" decoding=\"async\" width=\"1708\" height=\"2560\" src=\"http:\/\/amandinepuntous.com\/wp-content\/uploads\/2021\/10\/Portrait_autrice-1-scaled.jpg\" alt=\"\" class=\"wp-image-1512\" srcset=\"https:\/\/amandinepuntous.com\/wp-content\/uploads\/2021\/10\/Portrait_autrice-1-scaled.jpg 1708w, https:\/\/amandinepuntous.com\/wp-content\/uploads\/2021\/10\/Portrait_autrice-1-scaled-600x899.jpg 600w, https:\/\/amandinepuntous.com\/wp-content\/uploads\/2021\/10\/Portrait_autrice-1-200x300.jpg 200w, https:\/\/amandinepuntous.com\/wp-content\/uploads\/2021\/10\/Portrait_autrice-1-683x1024.jpg 683w, https:\/\/amandinepuntous.com\/wp-content\/uploads\/2021\/10\/Portrait_autrice-1-768x1151.jpg 768w, https:\/\/amandinepuntous.com\/wp-content\/uploads\/2021\/10\/Portrait_autrice-1-500x750.jpg 500w, https:\/\/amandinepuntous.com\/wp-content\/uploads\/2021\/10\/Portrait_autrice-1-800x1199.jpg 800w, https:\/\/amandinepuntous.com\/wp-content\/uploads\/2021\/10\/Portrait_autrice-1-1280x1919.jpg 1280w, https:\/\/amandinepuntous.com\/wp-content\/uploads\/2021\/10\/Portrait_autrice-1-1920x2878.jpg 1920w, https:\/\/amandinepuntous.com\/wp-content\/uploads\/2021\/10\/Portrait_autrice-1-1025x1536.jpg 1025w, https:\/\/amandinepuntous.com\/wp-content\/uploads\/2021\/10\/Portrait_autrice-1-1366x2048.jpg 1366w\" sizes=\"(max-width: 1708px) 100vw, 1708px\" \/><\/figure>\n\n\n\n<p><\/p>\n<\/div>\n\n\n\n<div class=\"wp-block-column is-layout-flow wp-block-column-is-layout-flow\" style=\"flex-basis:50%\">\n<p class=\"has-small-font-size\"><strong>Amandine Puntous est autrice de bande-dessin\u00e9e et illustratrice<\/strong> lyonnaise, originaire de Haute-Loire. Elle travaille dans l&rsquo;atelier des Mauvaises Pentes, au Coll\u00e8ge Graphique accueillant \u00e9galement<a href=\"https:\/\/www.lyonbd.com\/\"> le Festival Lyon BD<\/a> et l\u2019association <a href=\"https:\/\/www.epiceriesequentielle.com\/\">l&rsquo;\u00c9picerie S\u00e9quentielle<\/a>. Elle remplit ses carnets de mati\u00e8re inspirante, emprunte au r\u00e9el un regard juste, et laisse le dessin d\u00e9livrer la po\u00e9sie des lieux et des personnes crois\u00e9es.<\/p>\n\n\n\n<p class=\"has-small-font-size\"><strong>E<\/strong>lle \u00e9volue dans diff\u00e9rents courants artistiques et travaille actuellement, sur un album de bande-dessin\u00e9e aux \u00e9ditions <strong><a href=\"https:\/\/www.futuropolis.fr\/\">Futuropolis<\/a><\/strong> avec l&rsquo;auteur Tahnee Juguin au sc\u00e9nario.<\/p>\n\n\n\n<p class=\"has-small-font-size\"><strong>B\u00e9n\u00e9vole<\/strong> dans l&rsquo;association <a href=\"https:\/\/www.epiceriesequentielle.com\/\"><strong>l\u2019\u00c9picerie S\u00e9quentielle<\/strong><\/a>, structure d\u2019auto-\u00e9dition collective, qui publie depuis 2015 \u00ab <a href=\"https:\/\/www.epiceriesequentielle.com\/abonnement\/\"><strong>Les Rues de Lyon<\/strong><\/a> \u00bb. Proposant chaque mois un r\u00e9cit historique lyonnais en dix pages, ce journal est r\u00e9alis\u00e9 int\u00e9gralement par des artistes locaux et diffus\u00e9 directement en librairie.<\/p>\n\n\n\n<h2 class=\"wp-block-heading\">Actualit\u00e9s<\/h2>\n\n\n\n<p class=\"has-small-font-size\">Retrouvez mon travail au jour le jour sur Instagram \u2661 <\/p>\n<\/div>\n\n\n\n<div class=\"wp-block-column is-layout-flow wp-block-column-is-layout-flow\"><\/div>\n\n\n\n<div class=\"wp-block-column has-background is-layout-flow wp-block-column-is-layout-flow\" style=\"background-color:#fafafa;flex-basis:100px\"><\/div>\n\n\n\n<div class=\"wp-block-column is-layout-flow wp-block-column-is-layout-flow\" style=\"flex-basis:500px\">\n<h2 class=\"wp-block-heading\"><strong>Contact<\/strong><\/h2>\n\n\n\n<hr class=\"wp-block-separator has-css-opacity\"\/>\n\n\n\n<div class=\"wp-block-group is-layout-flow wp-block-group-is-layout-flow\"><div class=\"wp-block-group__inner-container\">\n<div class=\"wp-block-contact-form-7-contact-form-selector\"><div role=\"form\" class=\"wpcf7\" id=\"wpcf7-f881-o1\" lang=\"fr-FR\" dir=\"ltr\">\n<div class=\"screen-reader-response\"><p role=\"status\" aria-live=\"polite\" aria-atomic=\"true\"><\/p> <ul><\/ul><\/div>\n<form action=\"\/index.php\/wp-json\/wp\/v2\/pages\/11#wpcf7-f881-o1\" method=\"post\" class=\"wpcf7-form init\" novalidate=\"novalidate\" data-status=\"init\">\n<div style=\"display: none;\">\n<input type=\"hidden\" name=\"_wpcf7\" value=\"881\" \/>\n<input type=\"hidden\" name=\"_wpcf7_version\" value=\"5.3.2\" \/>\n<input type=\"hidden\" name=\"_wpcf7_locale\" value=\"fr_FR\" \/>\n<input type=\"hidden\" name=\"_wpcf7_unit_tag\" value=\"wpcf7-f881-o1\" \/>\n<input type=\"hidden\" name=\"_wpcf7_container_post\" value=\"0\" \/>\n<input type=\"hidden\" name=\"_wpcf7_posted_data_hash\" value=\"\" \/>\n<\/div>\n<p><label> Nom<br \/>\n    <span class=\"wpcf7-form-control-wrap your-name\"><input type=\"text\" name=\"your-name\" value=\"\" size=\"40\" class=\"wpcf7-form-control wpcf7-text wpcf7-validates-as-required\" aria-required=\"true\" aria-invalid=\"false\" \/><\/span> <\/label><\/p>\n<p><label> Email<br \/>\n    <span class=\"wpcf7-form-control-wrap your-email\"><input type=\"email\" name=\"your-email\" value=\"\" size=\"40\" class=\"wpcf7-form-control wpcf7-text wpcf7-email wpcf7-validates-as-required wpcf7-validates-as-email\" aria-required=\"true\" aria-invalid=\"false\" \/><\/span> <\/label><\/p>\n<p><label> Objet<br \/>\n    <span class=\"wpcf7-form-control-wrap your-subject\"><input type=\"text\" name=\"your-subject\" value=\"\" size=\"40\" class=\"wpcf7-form-control wpcf7-text wpcf7-validates-as-required\" aria-required=\"true\" aria-invalid=\"false\" \/><\/span> <\/label><\/p>\n<p><label> Message (facultatif)<br \/>\n    <span class=\"wpcf7-form-control-wrap your-message\"><textarea name=\"your-message\" cols=\"40\" rows=\"10\" class=\"wpcf7-form-control wpcf7-textarea wpcf7-validates-as-required\" aria-required=\"true\" aria-invalid=\"false\"><\/textarea><\/span> <\/label><\/p>\n<p><input type=\"submit\" value=\"Envoyer\" class=\"wpcf7-form-control wpcf7-submit\" \/><\/p>\n<div class=\"wpcf7-response-output\" aria-hidden=\"true\"><\/div><\/form><\/div><\/div>\n\n\n\n<p class=\"has-cyan-bluish-gray-color has-text-color\" style=\"font-size:12px\"><strong><br><\/strong><\/p>\n<\/div><\/div>\n<\/div>\n<\/div>\n\n\n\n<hr class=\"wp-block-separator has-text-color has-css-opacity has-background is-style-wide\" style=\"background-color:#e7f4fa;color:#e7f4fa\"\/>\n\n\n\n<p><\/p>\n","protected":false},"excerpt":{"rendered":"<p>\u00c0 propos Amandine Puntous est autrice de bande-dessin\u00e9e et illustratrice lyonnaise, originaire de Haute-Loire. Elle travaille dans l&rsquo;atelier des Mauvaises Pentes, au Coll\u00e8ge Graphique accueillant \u00e9galement le Festival Lyon BD &hellip; <a href=\"https:\/\/amandinepuntous.com\/index.php\/a-propos\/\" class=\"more-link\"><span>Continue reading<span class=\"screen-reader-text\">\u00c0 propos<\/span><\/span><\/a><\/p>\n","protected":false},"author":1,"featured_media":0,"parent":0,"menu_order":0,"comment_status":"closed","ping_status":"closed","template":"templates\/full-width-page.php","meta":{"footnotes":"","_vp_format_video_url":"","_vp_image_focal_point":[]},"_links":{"self":[{"href":"https:\/\/amandinepuntous.com\/index.php\/wp-json\/wp\/v2\/pages\/11"}],"collection":[{"href":"https:\/\/amandinepuntous.com\/index.php\/wp-json\/wp\/v2\/pages"}],"about":[{"href":"https:\/\/amandinepuntous.com\/index.php\/wp-json\/wp\/v2\/types\/page"}],"author":[{"embeddable":true,"href":"https:\/\/amandinepuntous.com\/index.php\/wp-json\/wp\/v2\/users\/1"}],"replies":[{"embeddable":true,"href":"https:\/\/amandinepuntous.com\/index.php\/wp-json\/wp\/v2\/comments?post=11"}],"version-history":[{"count":41,"href":"https:\/\/amandinepuntous.com\/index.php\/wp-json\/wp\/v2\/pages\/11\/revisions"}],"predecessor-version":[{"id":1929,"href":"https:\/\/amandinepuntous.com\/index.php\/wp-json\/wp\/v2\/pages\/11\/revisions\/1929"}],"wp:attachment":[{"href":"https:\/\/amandinepuntous.com\/index.php\/wp-json\/wp\/v2\/media?parent=11"}],"curies":[{"name":"wp","href":"https:\/\/api.w.org\/{rel}","templated":true}]}}